t - -363. Suppose 28 - q = -4*p. Is p composite?
True
Suppose 135 = -4*j - 5*j. Is ((-5061)/(-4))/3 - j/60 a composite number?
True
Let o(q) = q. Let y be o(1). Let t(s) = 2*s**2 + s - 1. Let r be t(y). Suppose -5*m + 697 = 2*v, 5*m - r*v + 115 = 808. Is m a composite number?
False
Suppose 5*u - 16 + 6 = 0. Suppose 40 = u*y - 222. Is y a composite number?
False
Suppose 0 = i - 4*l - 14211, 5*l = 3*i - 4874 - 37745. Is i a prime number?
False
Suppose 25*y - 22*y - 4*q = 50063, 0 = 3*y + q - 50068. Is y a prime number?
False
Suppose -70*t = -69*t - 3. Suppose -x + 3*b = t*x - 1609, 2*b + 2013 = 5*x. Is x a composite number?
True
Let d(m) = 2*m**2 + 5*m + 26. Let s be (22/4)/((-6)/(-12)). Let n be d(s). Suppose -3*i - 116 = -n. Is i a composite number?
True
Let a(f) = -f**3 + 30*f**2 + 73*f + 59. Is a(31) a composite number?
False
Let a = -64 - 63. Suppose r - 6*r = 340. Let y = r - a. Is y a prime number?
True
Let i = -658 + 1267. Let d = -1763 + i. Let f = d - -1787. Is f prime?
False
Let f(y) = -21*y**3 + 0*y - 2 + 0*y - 5*y**2 + 2*y**2 - 5*y. Suppose 0 = 3*a + 4*t - 11, 0 = -5*a + 6*a - 4*t + 23. Is f(a) a composite number?
True
Let j(g) = -2969*g - 860. Is j(-19) prime?
False
Let y = 6 - -3. Suppose y*n = 3*n + 2514. Is n a prime number?
True
Let w(q) = -6*q**3 + q**2 + q - 1. Let v be w(1). Is v/((-15)/447)*1 prime?
True
Suppose -2*h - 4 - 4 = 0. Let d = 9 + h. Suppose -2*k - 222 = -d*k. Is k prime?
False
Suppose -i = 2*b - 11, -i = -5*i - 3*b + 24. Suppose 7190 = 2*z - 3738. Suppose 4*m - z = -4*d, d - i*m - 19 - 1327 = 0. Is d a composite number?
False
Suppose -5*p = 3*x + 10285, p = -2*p + 2*x - 6190. Suppose -7*c + 22146 = -c. Let i = p + c. Is i a composite number?
True
Is 199130/8 - 44/176 a composite number?
True
Is 20262 + -5 + -2 + 8 a prime number?
False
Suppose 3*y = -5*k + 14, 0*y + 4*y + 2*k = 0. Is 56680/72 + y/9 prime?
True
Let a(q) = -q**3 - 6*q**2 + 9*q - 13. Let i(b) = -6*b + 2*b + 3*b + 2*b - 4. Let c be i(-5). Is a(c) a prime number?
True
Suppose -2*y + 5*y - 12 = 0, 3*t - 2*y = 183454. Is t prime?
False
Let f(c) = 55*c - 47. Let a = -89 + 111. Is f(a) composite?
False
Suppose 0 = 28*p - 90590 - 91998. Is p composite?
False
Suppose 3*i - 27001 = -5*u, -i + 4*u + 9011 = 3*u. Is i prime?
True
Suppose -4*q - 3*n = -9, n + 3 = 2*q + 6. Suppose 5*j + 0*j - 3*o - 1195 = q, 2*j = -2*o + 478. Is j prime?
True
Suppose -r = -y - 0*r - 4, 5*y = 4*r - 16. Suppose n = 4*u + 203, y*u + u + 664 = 3*n. Is n a composite number?
False
Suppose 4*q + 2*x - 8 = 0, -4*q = 4*x - 0*x. Suppose 2589 = -2*h + 7*h + q*j, 3*j = -12. Is h composite?
False
Suppose -55*p - 23052 = -59*p - 4*y, -28839 = -5*p + y. Is p a prime number?
False
Suppose 0 = -31*q + 23*q + 173296. Is q prime?
False
Let r = -34401 - -50035. Is r prime?
False
Let y(u) = u**2 - 5*u - 8. Let d be y(8). Let z be (268/d - 3)*20. Let n = z + -126. Is n a prime number?
True
Let p(a) = 51*a - 73. Is p(24) composite?
False
Let s = 5 - 3. Let j(g) = -6 + 5*g**s - 3*g**2 - 3*g**2 + 8*g. Is j(5) prime?
False
Suppose 0*k = -3*l + 5*k + 19454, 2*k = -4*l + 25930. Is l a composite number?
True
Let t = 48 + -43. Suppose -345 = -t*v + 920. Is v a composite number?
True
Suppose y - 70 = 6*y. Let u(h) = -23*h + 13. Let x be u(y). Suppose -4*l + x = 3*a, -2*l + 4*l = 4. Is a prime?
True
Let x = 1266 + -577. Is x composite?
True
Suppose 5*t = -2*p + 4*p + 873, t = p + 174. Let o = t - 62. Is o prime?
True
Suppose 0 = -l - 5, 1389 + 31735 = b - l. Is b a prime number?
True
Let v = 3005 - -2651. Suppose -6*a + v = 1558. Is a a composite number?
False
Suppose 1262 = -4*f - 370. Let p be 26*1*f/(-16). Let s = 1656 - p. Is s a prime number?
False
Let b(a) = -1. Let k(h) = h + 636. Let f(x) = b(x) + k(x). Let i be f(0). Suppose 0*n = 5*n - i. Is n a prime number?
True
Let y be 1/4 - (-38)/8. Suppose -4*c = -x - 0*c + 67, y*x - 335 = 4*c. Is x composite?
False
Suppose 2*k - 7 = -b, -3*k + 5*b + 30 = -0*b. Suppose 0 = k*a + 335 + 560. Let x = -90 - a. Is x a composite number?
False
Let c(p) = -p - 4. Let d be c(-4). Suppose d = 4*o - 4*i + 13136, 2*o + 2914 = 5*i - 3660. Is (-4)/22 + o/(-22) a composite number?
False
Let d(t) = 119*t + 3. Suppose 3*p - 4*i = -1 + 41, 5*i - 12 = -4*p. Is d(p) a composite number?
True
Let l(n) be the third derivative of n**6/40 + n**5/10 - 5*n**4/24 - 5*n**3/6 + 7*n**2. Let m(g) = -g**2 + 7*g - 6. Let t be m(5). Is l(t) prime?
True
Let p = -2016 - -4115. Is p a composite number?
False
Let u(v) = -v**3 + 4*v**2 - 3*v + 2. Let t be u(3). Let w(g) = 1 + 0*g - g**3 - 7*g**2 + 19*g**t + 13*g. Is w(11) composite?
True
Suppose -4612 = g - 268. Let f = g + 6267. Is f a prime number?
False
Suppose -5*i + 730 = -10*i. Let k = i - -525. Is k composite?
False
Let i be 7 - 4 - (-16)/(-2). Is (-12)/(-30) - 2228/i composite?
True
Let v be 3 - 14361/(-9) - (-2)/(-3). Suppose 3*c = v + 3061. Is c a prime number?
True
Suppose -j + 14 = -u, -2*j = 3*j - 3*u - 72. Is (-5)/j - ((-84000)/9)/4 prime?
True
Let a be 0 - (898 - (-1 + -1)*1). Let c = 209 - a. Is c a composite number?
False
Let g = 117 + -112. Suppose -4*z + 3654 = g*l, -5*z - 18 - 2 = 0. Is l a composite number?
True
Suppose 10*q - 5578 - 12892 = 0. Is q composite?
False
Let n = -3 - -5. Suppose -n*z + 20 = 3*z. Let u(v) = v**3 + 6*v**2 - 4*v + 5. Is u(z) prime?
True
Suppose 0 = 4*r + 5*w - 398, -r + 6*r - 3*w = 516. Let o be (-2)/(8/458)*-2. Let q = o - r. Is q a prime number?
True
Let d(i) = 641*i + 46. Is d(7) a composite number?
True
Let k(z) = -8 + 485*z + 11 - 3. Is k(1) a prime number?
False
Suppose 7*o = -19*o + 366834. Is o a prime number?
False
Suppose -41*b - 109939 = -1009766. Is b a composite number?
True
Let d(h) = -h**3 + 22*h**2 - 28*h - 1. Let w be d(22). Let n = -198 - w. Is n a prime number?
True
Let g = -4 + 8. Suppose 2984 = g*n + 3*z, 3*n + 2241 = 6*n + 3*z. Is n composite?
False
Suppose j + 12 = 4*v + 3*j, 3*v - 5*j + 17 = 0. Is v*(-4 - -3) + 408 prime?
False
Let w = -12392 - -21627. Is w a composite number?
True
Suppose -3*q + 94635 = 3*r, -147514 = -4*q + r - 21354. Is q prime?
True
Is (37 + 0)*7173/9 a prime number?
False
Let m be ((-276)/(-42) - 4)*(-490)/3. Is -3 + (-228)/(-10)*m/(-9) a composite number?
False
Suppose 5*v - 32 = 3*x, 3*v - x = -8 + 28. Suppose v*a - 5*a - 4094 = 0. Is a a prime number?
False
Suppose 39*h = 36*h + 54. Let k(u) = 9*u**2 - 11*u + 1. Is k(h) a composite number?
False
Suppose 0 = -3*t + 4*t. Suppose t = -5*b + 3*m - 165, -2*m + 92 = -2*b - 6*m. Let a = -17 - b. Is a composite?
False
Let f(z) = 10*z**2 + 28*z + 91. Is f(-16) composite?
False
Suppose 591000 = 26*q + 81374. Is q a prime number?
False
Let v(j) = -38*j - 11. Let a(y) = y**2 - 17*y + 22. Let x be a(15). Is v(x) a prime number?
True
Suppose 3*q = -q + 3*l + 23, -3*q = 3*l + 9. Suppose -3*h = u - 2*u + 5, -q*u = -h + 5. Is 3 - (-50)/(-2 - h) a prime number?
True
Let a(f) = -7 - 58*f - 113*f - 3. Is a(-3) composite?
False
Let v(f) = 1854*f - 89. Is v(6) prime?
False
Let l be 1*1/((-1)/(-5)). Suppose -3*p + l*p = 5*m - 21, 0 = p - 5*m + 23. Suppose -3*b + 190 = p*b. Is b a prime number?
False
Let r(q) = -207*q**3 - q**2 - q + 1. Let p be ((-2)/4 + 1)/(20/(-80)). Is r(p) a composite number?
True
Suppose 21*h = 7*h + 91322. Is h composite?
True
Let o(i) = -2*i**2 - 25*i - 5. Let x be o(-12). Suppose 0 = 2*s + x + 1, g + 2*s = 89. Is g a composite number?
False
Let m = -1 - -3. Suppose 0 = m*p - 87 - 659. Is p a composite number?
False
Let t(w) = -w**3 - 2*w**2 - 15. Let l(s) = -44 + 0*s**2 - 2*s**3 - 2*s**2 + 2*s**2 - 7*s**2. Let j(p) = 3*l(p) - 8*t(p). Is j(5) a composite number?
False
Let w(v) = -5*v**3 - 20*v**2 + 12*v. Let i(b) = b**3 + b**2 + b + 1. Let y(z) = -4*i(z) - w(z). Is y(-9) a prime number?
False
Let v(u) = 2*u. Suppose 4*y = 2*y + 2. Let r be v(y). Suppose -3*c + 750 = n - r*c, 0 = 3*c - 15. Is n a prime number?
False
Is 144/18 - (-39806)/2 a composite number?
True
Suppose 5*k + 284 = -3*l, 0*l = 2*l - 5*k + 156. Let q = l - -351. Is q a prime number?
True
Let j be (-19)/((-4)/(-2 - -6)). Let i = j + 92. Is i a composite number?
True
Suppose 21*m + 1082 + 31 = 0. Let c = m - -327. Is c a prime number?
False
Is ((-185)/(-74))/(5/122882) prime?
True
Suppose -11*f + 12*f = 1111. Is f prime?
False
Suppose -